
10
Calculate the highest common factor of 121657 and 1083.
361
What is the greatest common factor of 21381 and 18?
3
Calculate the greatest common divisor of 920 and 3250.
10
Calculate the highest common factor of 23470 and 40.
10
What is the greatest common divisor of 9036 and 41164?
1004
What is the greatest common divisor of 297362 and 234?
26
What is the highest common factor of 3924 and 450?
18
What is the greatest common divisor of 34075 and 50?
25
Calculate the highest common factor of 1519 and 12593.
49
What is the highest common factor of 19048014 and 9?
9
Calculate the greatest common factor of 280 and 35980.
140
What is the greatest common divisor of 7430 and 45?
5
What is the greatest common divisor of 44 and 1105302?
22
Calculate the highest common factor of 548352 and 288.
288
Calculate the highest common divisor of 48528 and 108.
36
What is the greatest common divisor of 9916 and 18559?
67
What is the highest common factor of 238628 and 12002?
706
What is the highest common divisor of 672 and 7176?
24
Calculate the highest common factor of 142 and 811814.
142
What is the greatest common factor of 458 and 1090?
2
Calculate the highest common divisor of 1147178 and 362.
362
What is the greatest common factor of 11274922 and 92?
46
What is the highest common factor of 1392 and 3241272?
696
What is the highest common factor of 8109 and 8415?
153
Calculate the highest common divisor of 201 and 3468.
3
Calculate the highest common divisor of 231 and 176715.
231
What is the greatest common divisor of 3893 and 5933?
17
Calculate the highest common factor of 522 and 242.
2
Calculate the greatest common divisor of 391586 and 78.
26
Calculate the highest common divisor of 2407 and 3984.
83
Calculate the greatest common factor of 742 and 38.
2
Calculate the greatest common factor of 1349855 and 133.
19
Calculate the greatest common factor of 152437 and 29678.
1349
What is the greatest common factor of 36672 and 960?
192
Calculate the highest common divisor of 23716 and 1936.
484
What is the greatest common factor of 18 and 51954?
6
What is the highest common divisor of 17 and 122519?
17
Calculate the greatest common factor of 53541 and 81.
81
What is the greatest common divisor of 88881 and 299?
13
What is the greatest common divisor of 1365 and 69195?
105
Calculate the highest common factor of 15430 and 15470.
10
What is the highest common factor of 405 and 5913?
81
Calculate the greatest common factor of 2685 and 278345.
895
What is the greatest common factor of 24 and 157068?
12
What is the highest common factor of 394 and 1576?
394
Calculate the greatest common divisor of 386 and 386.
386
Calculate the greatest common divisor of 176987 and 58.
29
Calculate the highest common divisor of 449889 and 132.
33
Calculate the highest common divisor of 2225486 and 1538.
1538
What is the greatest common factor of 575330 and 140?
70
Calculate the greatest common divisor of 3698 and 172.
86
Calculate the greatest common divisor of 17 and 626.
1
What is the greatest common divisor of 600 and 134760?
120
Calculate the greatest common factor of 330 and 1091530.
110
Calculate the highest common factor of 175064 and 6952.
632
What is the highest common factor of 116511 and 16188?
213
What is the highest common factor of 21 and 6336687?
21
What is the greatest common divisor of 6093 and 9?
9
What is the highest common divisor of 5 and 2745895?
5
What is the highest common factor of 333 and 7104?
111
Calculate the greatest common factor of 4660 and 700.
20
What is the highest common factor of 20200 and 5080?
40
Calculate the highest common divisor of 225 and 12645.
45
Calculate the greatest common factor of 40 and 2079080.
40
Calculate the highest common factor of 16240 and 3654.
406
Calculate the greatest common factor of 6413 and 33.
11
What is the highest common divisor of 12690 and 257090?
470
What is the highest common divisor of 7092 and 1266316?
788
What is the greatest common factor of 32623 and 38?
19
What is the greatest common divisor of 625 and 2545625?
625
What is the greatest common divisor of 60419 and 961?
31
What is the highest common factor of 7176 and 2652?
156
Calculate the highest common divisor of 6885 and 84660.
255
What is the highest common factor of 871997 and 86?
43
What is the greatest common divisor of 13135 and 37?
37
What is the highest common divisor of 1306 and 1044147?
653
Calculate the greatest common divisor of 2226285 and 4302.
2151
What is the greatest common factor of 1241 and 22593?
17
What is the highest common factor of 264 and 26884?
44
What is the greatest common divisor of 913527 and 135?
9
What is the greatest common divisor of 96915 and 624?
39
What is the greatest common factor of 1258 and 67099?
17
Calculate the highest common factor of 35428 and 5372.
68
What is the highest common factor of 4097369 and 379?
379
Calculate the greatest common divisor of 7 and 5338.
1
Calculate the highest common factor of 1729058 and 2708.
1354
What is the highest common factor of 1501 and 1957?
19
Calculate the greatest common factor of 774039 and 1953.
651
What is the highest common factor of 35495 and 496?
31
What is the greatest common factor of 84 and 292?
4
What is the highest common divisor of 73296 and 12?
12
Calculate the greatest common divisor of 316 and 126558.
158
What is the highest common divisor of 1790 and 1875?
5
Calculate the highest common factor of 3376 and 8018.
422
What is the highest common factor of 1536 and 915968?
512
Calculate the highest common divisor of 748 and 56423.
17
What is the greatest common divisor of 152 and 8348?
4
What is the highest common divisor of 140 and 647290?
70
What is the greatest common divisor of 428406 and 66?
66
What is the highest common divisor of 1463 and 26411?
77
Calculate the highest common factor of 384587 and 7.
7
Calculate the greatest common factor of 3840 and 1910.
10
Calculate the greatest common factor of 199 and 252929.
199
What is the highest common divisor of 12 and 8298?
6
What is the highest common divisor of 6715 and 215?
5
What is the greatest common factor of 152918 and 76946?
974
Calculate the highest common divisor of 2892 and 1195842.
1446
What is the highest common divisor of 110 and 151525?
55
Calculate the greatest common divisor of 10770 and 640.
10
What is the highest common divisor of 402 and 106?
2
Calculate the greatest common divisor of 1082857 and 2019.
673
Calculate the greatest common divisor of 3800661 and 1362.
681
Calculate the highest common divisor of 190 and 93290.
190
Calculate the highest common factor of 915366 and 976.
122
What is the highest common factor of 136 and 2680?
8
What is the greatest common divisor of 12725 and 100?
25
What is the highest common factor of 10136 and 1080751?
1267
Calculate the greatest common factor of 60 and 507945.
15
What is the greatest common divisor of 651654 and 41?
41
Calculate the greatest common factor of 60 and 4905.
15
Calculate the highest common divisor of 5278798 and 56.
14
What is the highest common factor of 31291 and 88595?
377
What is the greatest common divisor of 5254030 and 103?
103
What is the greatest common factor of 2299 and 3800?
19
Calculate the greatest common divisor of 94598 and 89472.
466
Calculate the highest common factor of 2938 and 17063.
113
Calculate the highest common factor of 150075 and 600.
75
What is the highest common factor of 147 and 24465?
21
Calculate the highest common factor of 306 and 5811093.
153
What is the highest common divisor of 102961 and 19?
19
What is the highest common divisor of 1155 and 15189405?
1155
What is the highest common divisor of 129360 and 1056?
528
What is the greatest common divisor of 16250 and 1600?
50
What is the highest common factor of 414 and 1502912?
46
Calculate the highest common divisor of 135360 and 2632.
376
What is the greatest common divisor of 434 and 101556?
434
What is the highest common factor of 8301 and 621?
3
Calculate the highest common divisor of 204 and 74766.
102
What is the greatest common factor of 2255 and 220?
55
Calculate the highest common divisor of 1089 and 30042.
9
Calculate the highest common factor of 712 and 1276972.
356
What is the greatest common divisor of 77 and 602?
7
What is 